 = 6*t**3 - 6 - 5 + 13*t**2 + 4*t - 7*t**3. Let k be r(13). Let s = k + 89. Is s a multiple of 28?
False
Let n(d) = -31*d - 70. Is n(-17) a multiple of 17?
False
Let y(s) = 3397*s + 1. Let l be y(-1). Let j be (l/18)/(2/(-3)). Suppose -27 = -4*r + a + j, 3*r - 4*a = 239. Does 11 divide r?
True
Let z(t) = -15*t + 8. Suppose d - 6*d - 25 = 0. Does 16 divide z(d)?
False
Let o(k) = k**2 - 4*k - 2. Let t be o(5). Let z be -3 - -9 - 4/2. Suppose -z*a + 23 = -t*a. Is a a multiple of 10?
False
Suppose 4*b + 208 = o, 402 = 111*o - 109*o - b. Is o a multiple of 8?
True
Let w = -117 - -113. Let y(z) = z**2 - 3*z + 2. Is y(w) a multiple of 5?
True
Does 4 divide (-8 - 3910/(-40)) + (-3)/4?
False
Let m be 2/9 + (-225)/(-81). Is 54 + -6*m/6 a multiple of 17?
True
Is (-6 - 60/(-18))*-3 even?
True
Suppose -4*l - 4*f + 1468 = 0, 0 = -5*l - 2*f - f + 1833. Suppose 3*a - a = l. Is 19 a factor of a?
False
Let i(h) = 2*h**2 - h - 1. Let n be i(2). Suppose f + 44 = 3*f + 4*j, -n*j = 3*f - 66. Let r = 10 + f. Is r a multiple of 17?
False
Let o = -44 + 120. Suppose 0 = 77*b - o*b - 14. Is 4 a factor of b?
False
Let p(u) = -u**3 + 4*u**2 + 1. Let h be -6 + 8 + 2*1. Let i be p(h). Let n(s) = 24*s**3 - s**2 + s. Is n(i) a multiple of 12?
True
Suppose 3393 = 2*a - 639. Suppose -14*d + a = -7*d. Is 48 a factor of d?
True
Let m be ((-22)/33)/((-4)/(-42)). Let i = -186 - -126. Does 2 divide i/(-28) + 1/m?
True
Suppose 936 = 74*z - 68*z. Is 52 a factor of z?
True
Let f = -478 - -808. Suppose 0 = -4*b - b + 20. Suppose -b*q - 22 = -f. Does 24 divide q?
False
Let f(v) = v**3 + 10*v**2 - 10*v + 19. Let z be f(-11). Let j(g) = 10*g - 30. Is j(z) a multiple of 9?
False
Suppose 4277*g = 4268*g + 45045. Does 13 divide g?
True
Suppose -4*t = 26 + 30. Is 21 a factor of (-3 + 6*(-3)/6)*t?
True
Suppose 3*g + 2*y = 14, 5*g + 2*y - 2 - 20 = 0. Suppose -3*t - 4 = -7*t. Suppose -g*w + 3*x + 84 = -117, -x = -t. Is w a multiple of 17?
True
Suppose -21 = 2*a - 9. Is 45 a factor of 10*((-129)/a + 1)?
True
Let p be (-68)/(32/(-112) + (-40)/(-42)). Let s = -57 - p. Is s a multiple of 8?
False
Suppose 66 = 8*z - 278. Let u = 51 + -27. Let f = z - u. Does 4 divide f?
False
Let g(k) = 3*k**3 + k**2 - 2*k + 2. Let p be g(1). Let y(z) = 10*z - 9. Let r(v) = v. Let b(t) = -4*r(t) + y(t). Does 7 divide b(p)?
False
Is (182*14)/7 + 6 a multiple of 28?
False
Suppose -4*q = -3*q + 2*k - 2, 2*q - 6 = -2*k. Suppose -36 = -2*o + o + 4*w, -4*o + q*w = -144. Does 3 divide o?
True
Let k be 2*1*(-12)/24. Is (-7 + 1)*k/2 even?
False
Suppose 4*h + 4165 = 11*h. Is h a multiple of 17?
True
Let v be 3/(-12) - (-3716)/16. Suppose -4*y + v = -0*y. Suppose -2*f = 3*f - 3*c - y, -4*c = -2*f + 12. Is 4 a factor of f?
False
Suppose -39*c = -5869 - 20651. Does 40 divide c?
True
Let g = -1281 + 1874. Does 23 divide g?
False
Suppose -50 = -3*g + 10. Let x = g + 7. Does 25 divide x?
False
Let x be 10/3 + 1/(-3) - 6. Let l(g) = 3*g**2 + 4*g. Let n(v) = -6*v**2 - 9*v. Let y(q) = 7*l(q) + 3*n(q). Is 24 a factor of y(x)?
True
Let h(w) = w**3 - 34*w**2 - 59*w + 16. Is 20 a factor of h(36)?
False
Suppose 0 = -5*s + 4*s - 3*f - 5, -5*s - 3*f = 61. Let m = 16 + s. Suppose 5*h = t + m*t - 75, t - 4*h = 32. Is 8 a factor of t?
False
Suppose -2*z - d = -6, 7 = 5*d - 3. Suppose 5*p = -z*m + 180, 5*m + 3*p - 88 = 362. Is 9 a factor of m?
True
Let r(a) = -a + 16. Let g be r(13). Suppose 0 = -5*c + 2*b + 8 + 85, -5*c = g*b - 98. Is c a multiple of 16?
False
Suppose -3*o + s + 1621 = 0, 2*o - 2*s = -4*s + 1086. Does 7 divide o?
False
Let h be 10/1*(-176)/(3 - 7). Suppose -h = -13*g + 8*g. Does 11 divide g?
True
Let o = 493 + 67. Does 70 divide o?
True
Let g(h) = 5*h + 34. Let z be g(-6). Suppose 20 - 96 = -z*n. Does 13 divide n?
False
Suppose 4*l + 2 = -2. Let m(z) be the first derivative of -51*z**2/2 + 3*z - 71. Is m(l) a multiple of 18?
True
Let s = -72 - -75. Let w(q) = -q**2 + 6*q - 3. Let x be w(4). Suppose -22 = -i - s*o + 11, -2*o = -x*i + 131. Does 9 divide i?
True
Let w be 8/20 - (-36)/10. Is (w/6)/((-2)/(-3)) - -259 a multiple of 20?
True
Let k be (-6)/(-4) + 60/(-8). Does 7 divide 163 - (0 + 2 + k)?
False
Let t = 9 + -5. Suppose -4*d = -t*y - 12, -2*y - 8 = -0*y - 3*d. Is 12 a factor of (20 + 1)/y*-1?
False
Let b = 1646 + -869. Is 37 a factor of b?
True
Let h = -271 - -562. Is h a multiple of 19?
False
Let d(w) be the first derivative of w**2 - 9*w - 13. Let s be d(6). Is 15 a factor of 16/12*13*s?
False
Let t = 31 + -7. Let u = t + -18. Suppose z = 5*i - 556, -u*i + i = 4*z - 551. Is 37 a factor of i?
True
Is 3432/15 - 5/(-25) a multiple of 5?
False
Suppose -14*i + 16*i - 4 = 0. Let f(r) = r**3 + 3*r**2 - 3*r. Is f(i) even?
True
Let c(j) = j + 6. Let r be c(-3). Suppose 5*u + 38 = 2*g, 2*g + r*u = 2*u + 14. Is 8 a factor of g?
False
Is 2*(-2739)/(-6) + -1 a multiple of 12?
True
Suppose -x + 618 = -13*j + 17*j, -2*x + 2*j + 1256 = 0. Is 17 a factor of x?
False
Let h = 6247 + -3347. Is h a multiple of 25?
True
Suppose -8*n + 3*n - 683 = -3*t, 0 = -4*n - 3*t - 568. Let s = 195 + n. Let r = s + -32. Is 7 a factor of r?
False
Let l = -462 + 892. Is l a multiple of 34?
False
Suppose 2*w - 7*w - 559 = -3*h, -3*h + 3*w + 555 = 0. Let k = 328 - h. Does 32 divide k?
False
Does 49 divide (3 + (-1474)/(-1))*(13 + -10)?
False
Suppose -z + 7*z - 246 = 0. Suppose 4*l = -o - o - 2, -5*o = l + z. Does 26 divide -183*(12/o)/4?
False
Suppose 2*j - 1628 = -4*p, 2 = -0*p - p. Suppose -j + 202 = -7*q. Does 44 divide q?
True
Let x = -384 - -447. Is x a multiple of 2?
False
Suppose -3*y + 2181 = -5127. Does 12 divide y?
True
Let q be (8/(-12))/1*-6. Suppose 10 = -2*x + q*x. Suppose h + 28 = x*h. Is h a multiple of 3?
False
Let p = 658 - 476. Is p a multiple of 26?
True
Let a(p) = 9 + 7 + 3*p - 6. Is a(7) a multiple of 17?
False
Let g(l) = -6*l + 282. Is 50 a factor of g(-16)?
False
Let n(g) = 6*g + 10. Suppose 3*k - 14 = k. Is 13 a factor of n(k)?
True
Let o(f) = -f**2 - f - 2. Let p be o(1). Let y = p - -56. Is y a multiple of 4?
True
Does 24 divide (1656/(-21))/((-13)/91)?
True
Let d = -12 - -10. Let a be (-1)/2*(-124)/d. Let k = -22 - a. Does 9 divide k?
True
Let o = -126 + 247. Let u = -10 + o. Does 37 divide u?
True
Let x(q) = -q**3 - 4*q**2 + 3*q. Let v be x(-6). Let k = v + -46. Is 3 a factor of k?
False
Let q(b) = -b**3 - b**2 - 6*b + 3. Let v be (-1)/(-2)*(1 - 7). Is q(v) a multiple of 4?
False
Let h = 38 - 35. Suppose 3 = -h*u, -5*k = 2*u + u - 1627. Let y = -194 + k. Does 33 divide y?
True
Let l be 12/(-9)*(-36)/8. Let m = l + -27. Is 21 a factor of m*(-5 - -4) - 0?
True
Suppose -3*d - 17 - 73 = 0. Let i = 96 - 90. Let j = i - d. Is j a multiple of 9?
True
Suppose -3*x + 35 = -5*x - 3*a, 3*x + 4*a + 52 = 0. Is 16 a factor of (x/6 - -2) + 440/12?
False
Suppose -19*g = 3*g - 6600. Is g a multiple of 63?
False
Suppose 2*b - 2*w - 1528 = 0, -7*b + 6*b + 779 = 2*w. Does 31 divide b?
False
Suppose -2*z = 5*w - 465, z + 139 = -2*w + 372. Let g = 389 - z. Is 11 a factor of g?
True
Suppose 0 = -3*h + 32 - 17. Suppose -14 - 41 = -5*s. Suppose -h*l - s - 24 = -3*y, 5 = -y + 5*l. Does 10 divide y?
True
Let h = 652 + -332. Is 40 a factor of h?
True
Suppose -9*k + 4*k + 60 = 0. Suppose -25 = 11*h - k*h. Is h a multiple of 5?
True
Is 5 a factor of (-350)/(-30)*9/3?
True
Suppose -l + 3*m = 16, -5*m + 36 = -3*l - 8. Let u be l - 8/((-6)/(-3)). Let f = u + 21. Does 4 divide f?
True
Suppose 0 = -9*g + 1638 + 1188. Does 2 divide g?
True
Suppose 31*d + 19800 = 42*d. Is d a multiple of 50?
True
Suppose 3*b - 4 = 3*j - 2*j, 2*b + 4 = 4*j. Let p be (13/39)/(b/18). Let i(x) = 3*x**3 - x**2 + 2. Is i(p) a multiple of 18?
False
Suppose 21*q - 2*q = 342. Does 2 divide q?
True
Suppose 41*k = -4*n + 46*k + 735, 2*n - 4*k - 372 = 0. Is 3 a factor of n?
True
Let u be 1 + 63 - (-2 - 0). Suppose 0*k + 4 = -2*k, 2*p + 5*k - u = 0. Suppose -4*i + 3*d = -25 - p, 3*d = -15. Is i a multiple of 6?
True
Suppose -w + 10 = w + 2*p, -1 = w - p. Let g(o) = 4*o**3 + 3*o**2 + o - 4. Is 14 a factor of g(w)?
True
Let l(b) = -b**3 - 12*b**2 + b + 8. Let r be l(-12). Let z(u) = 12*u**2 + 13*u + 3. Does 14 divide z(r)?
False
Suppose -5*q + 2647 = u - 0*q, -3*q + 13125 = 5*u. Does 57 divide u?
True
Let i(m) = m - 4. Let b be i(-6). Is b - -9 - -9*5 a multiple of 8?
False
Does 38 divide 104/2